 = -8840 + 8843. Suppose -3*t = -2*t - 63. Calculate the greatest common factor of t and g.
3
Suppose 3*v - 2*s = 1010, 0 = -6*v + 10*v - 2*s - 1350. What is the highest common factor of v and 160?
20
Suppose 64*q - 7772 = -76*q + 6*q. Calculate the greatest common factor of q and 1450.
58
Suppose 3*s + 9 = 6*s. Suppose -s*c = 5*b - 66, 2*c + b + 3 = 47. Suppose -5*y + 5 = z - 2*y, -4*y = -z - 2. What is the greatest common divisor of z and c?
2
Let i(a) be the second derivative of -a**5/20 + 5*a**4/6 - 2*a**2 + 108*a. Let x be i(6). Calculate the greatest common divisor of x and 40.
20
Suppose -13464 = -8*h - 10*h + 7*h. What is the greatest common divisor of 54 and h?
18
Let y(m) = m**2 + 7*m + 3. Let n be y(-7). Let a be ((-189)/42)/(n/(-4)). What is the greatest common factor of 14 and a?
2
Let n be 126/4*(-130 + 135)/(5/2). What is the highest common factor of 486 and n?
9
Let v be (-20)/6*(-1524)/1270. Calculate the greatest common divisor of v and 2164.
4
Suppose -4*a + 435 - 135 = 4*n, -3*n - 6 = 0. Calculate the greatest common divisor of a and 77.
77
Let r be (-18)/(-5) + (-461600)/(-250). What is the greatest common factor of r and 592?
74
Let v = 16 - 4. Suppose 38*k + 141 = -239. Let g be k/(-30) - (-358)/6. Calculate the greatest common factor of g and v.
12
Suppose 0 = -z - 69 + 68, -i + 3*z = -93. Calculate the greatest common divisor of 7620 and i.
30
Let f = 33 - 31. Let n(v) = -2*v + 21*v**2 + 2*v**2 + 1 - 2*v**f. Let p be n(2). Calculate the highest common factor of 9 and p.
9
Suppose -4*q = -2*q + 20. Let k be 0*((-5)/q + 0 + 0). Suppose -3*t + 26 + 7 = 3*s, k = 4*s - 5*t - 71. What is the greatest common factor of s and 182?
14
Suppose 3*y + 2*b - b = 29, -5*b + 41 = 2*y. Let g = -334 - -406. What is the highest common divisor of g and y?
8
Suppose 0 = -82*v + 18*v + 286400. What is the highest common factor of v and 125?
25
Suppose -4*j + 105 = j. Let q(k) = k**2 + 2*k - 33. Let l be q(-8). Suppose l = 3*y + 6. What is the highest common divisor of y and j?
3
Suppose 100*l + 147*l = 72*l + 36400. Let j = -60 + 113. Let a be (-4)/8 - j/(-2). What is the highest common divisor of a and l?
26
Suppose -44*f + 8700 = -16248. Calculate the greatest common divisor of 2016 and f.
63
Suppose 5*u - 399 = 2*w - 3*w, 5*w + u = 1947. Let s = -335 + w. Calculate the highest common factor of 378 and s.
54
Let y be 2/1*(3 - -201*1). Calculate the highest common divisor of 48 and y.
24
Let v = 192 - 57. Suppose -344*z - 1752 + 11040 = 0. Calculate the greatest common factor of z and v.
27
Let g(x) = -x**3 + 15*x**2 + 12. Let n be g(15). Let r = 82 + -80. Suppose r*j = 5*u - 300, 44 + 16 = u + 3*j. What is the greatest common divisor of u and n?
12
Let f be ((-2)/(-3))/(-1) - (-9036)/(-54). Let b be (-1*f/(-15))/(2/(-10)). What is the highest common divisor of b and 280?
56
Let c be 4/(-5 + 3) - -14. Let g(k) = -k**2 - 8*k + 6. Let z be 110/11*8/(-10). Let v be g(z). What is the greatest common factor of c and v?
6
Let h = 7884 + -7838. What is the highest common factor of h and 1909?
23
Let l(c) = 13 - 23*c**3 + 5*c + 6*c**2 - 5 + 24*c**3. Let y be l(-5). What is the highest common divisor of 544 and y?
8
Suppose 0 = 4*y - c - 7, y - 5 = -y - c. Suppose -2*o + 5*o = 3*i - 72, 4*o - 36 = -y*i. Calculate the greatest common factor of i and 550.
22
Let o be (-351)/(-12) + (-2)/8. Let r = o - -205. Suppose 19*a + 1402 = 1896. What is the greatest common divisor of r and a?
26
Suppose -6*j + 4*j = -42. Let z be 265 + (-3)/(-6)*-6 + 7 + 4. What is the greatest common factor of z and j?
21
Let r(a) = -a**2 - 57*a + 610. Let i be r(-66). What is the greatest common factor of 280 and i?
8
Let i = -7337 + 8017. Calculate the highest common factor of 220 and i.
20
Let v = 5 - 20. Let t = v - 3. Let g be (-2 - 0 - t) + -4. What is the greatest common factor of 132 and g?
12
Suppose 174 = 4*m - 3*p, 11*m - 10*m - 37 = 4*p. Calculate the highest common divisor of 4905 and m.
45
Suppose -542*m + 546*m + r - 17 = 0, -r = m - 5. Calculate the greatest common divisor of m and 5752.
4
Let w = -407 + 410. Let s be (w/9)/((-5)/(-180)). What is the highest common factor of 6 and s?
6
Let r(a) = -31*a - 496. Let k be r(-16). Let g be (-8)/(-6)*(5 - 2). Let c be ((k/4 - 0) + 4)*g. What is the greatest common factor of 112 and c?
16
Let t(j) = 41 - 70 - 167 - 28*j. Let w be t(-8). What is the greatest common factor of w and 91?
7
Let p = -36 - -126. Let c be (-48)/(-9) + (-3)/9. Suppose -5*r + 292 = -4*x, 2*x - 136 - 168 = -c*r. What is the highest common divisor of r and p?
30
Let k be 1/(-18)*-2 + (-3426)/(-27). Let o = k - 93. What is the highest common divisor of 34 and o?
34
Suppose 2348 - 2735 = -43*v. Let n = 3 + 1. Suppose n*q - 3 = 1. What is the greatest common divisor of v and q?
1
Let n(p) = -p**3 - 2*p**2 + 2*p + 3. Let f be n(-2). Let z = 44 - f. Calculate the greatest common factor of z and 5.
5
Suppose 10*k = 2*k - 4*k + 72. What is the highest common divisor of k and 676?
2
Suppose -2*j + 1146 = 4*r, -3*j + 500 = 4*r - 643. What is the greatest common factor of r and 6696?
72
Let y(b) = b**3 - 8*b**2 + 104. Let z(t) = t**3 - 7*t**2 + 104. Let c(r) = -5*y(r) + 6*z(r). Let w be c(0). What is the highest common divisor of w and 13?
13
Let n(d) = -17*d**3 + 2*d**2 - 145*d - 1291. Let f be n(-8). Calculate the highest common divisor of f and 77.
77
Suppose 8*g = 3*g - 180. Let a = 28 - g. Suppose -7*n + a = -5*n. What is the highest common factor of n and 16?
16
Let p be 0/(-11) - (-1 + 1 + -1316). Let b be p/6 + 14/21. Calculate the greatest common divisor of b and 88.
44
Let x = 2296 - 2262. Calculate the highest common factor of x and 1071.
17
Let l(s) = 2*s**3 - 6*s**2 - 2*s + 6. Let w be l(-2). Let a = 34 + w. Calculate the highest common factor of a and 20.
4
Suppose 1415 = -3*g + 2*b + 4927, 4*g - 4664 = 5*b. Calculate the highest common factor of 552 and g.
24
Let a = 396 - 416. Let j be 40/100 + (-1452)/a. What is the highest common factor of j and 146?
73
Let v(h) = -5*h + 5. Let u(j) = -3*j + 3. Let r(f) = 9*u(f) - 4*v(f). Let m be r(-2). Calculate the greatest common factor of m and 7.
7
Let p(k) = -10*k + 69 + 0*k - 141 - 5*k. Let u be p(-9). Calculate the highest common factor of u and 45.
9
Let q(j) be the second derivative of 25*j**4/2 - 13*j**3/6 - 13*j**2/2 - 4*j + 11. Let z be q(-1). What is the greatest common factor of z and 42?
6
Let q be 114/(-17*(-27)/164628). What is the greatest common divisor of q and 152?
152
Suppose 4*r + 1 + 39 = 0. Let l(y) = -2*y - 22. Let x be l(r). Let w(n) = -6*n + 10. Let f be w(x). What is the greatest common divisor of 22 and f?
22
Suppose 0 = 13*r - 105 + 1. Let q be r/(-16)*(-731 - 9). What is the highest common factor of 20 and q?
10
Let q(x) = -11*x - 1. Let g be q(-2). Suppose -10*a = -g*a + 44. Let c be -8 + a + (-1 - -15). What is the highest common divisor of c and 10?
10
Let m be 11 + 2/4*0. Suppose 4*r + 0 = l + 13, 0 = -3*r - 3*l + 6. Suppose 109 = r*y - 5*i, 8*i - 7*i + 35 = y. What is the highest common divisor of m and y?
11
Suppose 0 = -302*q - 83208 + 1759610. What is the greatest common factor of q and 728?
91
Let l(h) = h**2 - 57*h - 727. Let z be l(-11). Calculate the highest common divisor of z and 1974.
21
Suppose -4*l + 629 = -2*q + 103, 0 = -2*l + 5*q + 283. What is the highest common divisor of 86 and l?
43
Let s(z) = z**2 + 3*z - 2. Suppose 3*t + 4*l = -t - 32, 4 = 4*l. Let j be t/(-6) - 1/(-2). Let v be s(j). Calculate the greatest common divisor of v and 24.
8
Suppose -77*s - 269*s + 5882 = 0. Suppose -5*t + 822 = -538. What is the highest common divisor of t and s?
17
Let r be 1199 - -1 - (-1200)/(-300). Calculate the greatest common factor of 260 and r.
52
Suppose m = -3*b + 53, b = -0 + 4. Let i = -23 + m. Let r = -389 + 479. Calculate the highest common divisor of i and r.
18
Let r be ((-21)/3 + 1)*(-10)/6. Let d be -4 + (3 - (1 - r)). Let v(q) = q**2 - 3*q - 2. Let j be v(6). What is the highest common divisor of j and d?
8
Let x be 262*1 - (-40)/20. Suppose 2*z - 40 = -5*c + 16, 0 = 5*z + c - 163. Calculate the highest common factor of x and z.
33
Suppose -6*a + 13*a = 10*a - 768. Calculate the greatest common divisor of a and 80.
16
Suppose 0 = 4*y - 783*i +